l - 5*s, 0*s + z*s - 25 = 0. Calculate p(l).
6
Let a(i) be the first derivative of -i**2/2 + 10*i + 755. Give a(-10).
20
Let g = -19 - -13. Let r(v) be the third derivative of -v**4/24 - 4*v**3/3 + 1613*v**2. Give r(g).
-2
Let k(m) = -2*m + 53. Let d(h) = h**3 - 7*h**2 - 7*h + 15. Let p be d(8). Let q be k(p). Let w(c) = c**2 - 5*c - 10. What is w(q)?
4
Let n(t) = 13*t**2 - 27*t - 91. Let h be n(-7). Let d = h + -735. Let i(c) = c + 12. What is i(d)?
12
Let c(r) be the third derivative of -r**5/60 + r**4/3 + 38*r**3/3 - 1199*r**2. Calculate c(-5).
11
Let n(q) = -6*q**2 - 2*q - 3. Suppose 103*m - 159 - 253 = 0. Determine n(m).
-107
Let n(k) be the first derivative of 159*k**2 - 80*k**2 - 22 - 81*k**2 - k. Let t = -2 + 0. What is n(t)?
7
Let d(s) = -s**3 + 20*s**2 + 2*s - 26. Let n = -1458 - -1478. Determine d(n).
14
Let d(q) be the third derivative of -q**6/120 - 4*q**5/15 - 7*q**4/12 + 8*q**3/3 + 1123*q**2. Give d(-15).
1
Let z(j) = 16*j - 186. Suppose 3*u - 347 + 359 = 4*u. Determine z(u).
6
Let o(r) = -121*r**2 + 4*r + 371*r**2 - 119*r**2 - 3 - 132*r**2. Give o(0).
-3
Let f(j) = 41*j - 2754. Let w be f(67). Let g(h) = -2*h**2 - 7*h + 20. What is g(w)?
-29
Let p be (-3 + 2)/(1/8). Suppose 9*u - 13*u = -12. Let l(h) = -11*h + 7*h**2 + 75*h**u - 19*h**3 - 55*h**3 - 9. Give l(p).
15
Let d(v) = -v**2 - 2*v + 3. Let g = -201 - -204. Suppose -n - 7 = 2*b, 6*b = 2*b + g*n - 19. Give d(b).
-5
Let j(b) = b**3 + 2*b**2 - 8*b - 12. Let i(x) = -x**3 - 62*x**2 - x - 67. Let n be i(-62). Give j(n).
-47
Suppose k = -4*i + 168, -5*k - 172 = 1461*i - 1464*i. Let j(u) = u**2 - 50*u + 267. Determine j(i).
3
Let k(x) be the second derivative of -x**4/6 + 23*x**3/6 + x**2/2 + 1707*x - 1. Determine k(11).
12
Let z(f) = f**3 - 5*f**2 + 2*f + 3. Suppose 0 = 10*s - 196 + 36. Let x = 46 - s. Suppose -5*k = 5*k - x. Calculate z(k).
-9
Let w = 607 - 602. Suppose -4*p = 12, -2*c - p + 2 = 5. Let g(s) = -s - 6 + 2*s - 2*s + c. What is g(w)?
-11
Let k(b) = 8 + 10 + b**2 - 6*b - 8. Let x be (-7560)/(-3024)*((-2)/4)/(1/(-4)). Determine k(x).
5
Suppose 17*i + 191 = -60*i - 194. Let d(j) = 2*j**2 + 6*j + 6. Give d(i).
26
Let c be (-19 - 574/(-28))/((-3)/(-26)). Let g(w) be the second derivative of -w**3/6 + 4*w**2 + 8*w. Calculate g(c).
-5
Let f(z) = 3*z**3. Let s be f(1). Let v(m) = 128*m + 5762. Let u be v(-45). Let n(j) = 6*j + j**3 + 4*j**2 - 5 + 0*j**s - u*j**3. Calculate n(5).
0
Suppose -5*r = 4*c - 40, 2*c - 14 = -4*r + 18. Let i(t) = t**3 - 7*t**2 - 12*t + 15. Give i(r).
-17
Let z(q) be the second derivative of -q**5/20 + q**4/3 + 23*q**3/6 - 10*q**2 - q + 321. Calculate z(7).
-6
Let f(u) = -75*u - 61. Let n(v) = -42*v - 34. Let x(m) = -4*f(m) + 7*n(m). Let i be (2/4)/(5/(-20)). Let g be -2 + 1 + -1 + i. Give x(g).
-18
Let t = -213 + 213. Suppose -22*l - 55 + 55 = t. Let g(s) = -s + 4. Calculate g(l).
4
Let a be ((-14)/35)/((5/125)/1). Let z be (-5 + a)*9/(-15). Let u(w) = w**3 - 9*w**2 - w + 20. Give u(z).
11
Let j(z) = -196*z + 3702. Let w be j(19). Let n(h) = h**2 + 26*h + 115. What is n(w)?
27
Let f(k) = k**2 + 27*k - 54. Let s be f(-29). Let b(h) = -68*h + 33*h + 42*h - s + 0. Calculate b(3).
17
Let a(s) = -17*s**2 - 2*s + 8. Let r(c) = -c + 1. Let d(g) = -a(g) + 5*r(g). Let u be d(6). Let i(o) = 578*o + 0 - u*o + 1. Determine i(1).
-12
Let w(p) = -2*p**3 + 2*p**2 + p. Let b = -31 + 33. Suppose 0 = b*r, r + 6 = a - r. Suppose -a*g - 2*s = -4*g + 6, -4*g - s + 3 = 0. Give w(g).
-6
Let n(i) = -34*i - 2. Suppose -2*b - 9179 = -9175. Give n(b).
66
Let u(d) = d**3 + 12*d**2 - 30*d - 15. Let b be -15 - 117/(-13) - 8. Give u(b).
13
Let n(v) = -7*v**3 + 13*v**2 + 7*v - 2. Let f(y) = 9*y**3 - 14*y**2 - 6*y + 4. Let s(o) = 4*f(o) + 5*n(o). Determine s(-8).
-18
Let o(d) = d**2 + 7*d + 1. Let m(z) = z**2 + 7*z. Let h(r) = -5*m(r) + 6*o(r). Suppose -4*g = 4, 4*a - 6*g + 8*g + 30 = 0. Calculate h(a).
6
Let y(v) = v**3 - 7*v**2 + 3*v - 4. Let l(x) = x**2 + x. Suppose 3*i = -2*r - 1, -2*r + 3*i - 7 = -0. Let m(d) = r*l(d) - y(d). Give m(4).
0
Let x = -3321 - -3325. Let a(k) = -k**2 + 3*k + 7. What is a(x)?
3
Let v = 12 - 7. Let p(j) be the third derivative of -j**6/120 + j**5/12 - j**4/8 + j**3/6 - 125789*j**2. What is p(v)?
-14
Suppose 5*x = 4*d - 268, -142 + 54 = -d - 4*x. Let i(q) = -q - d + q + 46 + 2*q. Calculate i(11).
-4
Suppose -71*b = -67*b - 240. Let l(q) = -183*q + 60*q + b*q + 2 - q**2 + 61*q. Give l(2).
-6
Let o(w) = -14*w**3 + 2*w**2 - w. Suppose -3*i - 291 = -8*i + 3*y, 3*y + 51 = i. Let f be (-4)/(-5) + 12/i. Calculate o(f).
-13
Let z(m) = 42*m**2 + 7*m - 130. Let g(h) = 23*h**2 + 4*h - 66. Let u(b) = 11*g(b) - 6*z(b). Determine u(0).
54
Let i(j) = -61*j + 1587. Let q be i(26). Let v(c) = 27*c**3 + 3*c**2 - 2. Give v(q).
28
Let c(g) = 41*g**2 - 21*g - 11. Let h(n) = -105*n**2 + 43*n + 23. Let k(r) = -5*c(r) - 2*h(r). Calculate k(-4).
13
Let f(y) = 4*y**2 - 121*y + 68. Let d(s) = 5*s**2 - 144*s + 68. Let t(m) = -5*d(m) + 6*f(m). What is t(-12)?
-4
Let p = -5177 + 5171. Let t(r) = -r**3 - 8*r**2 - 15*r - 24. Give t(p).
-6
Let f(l) be the third derivative of -l**5/60 + 7*l**4/24 + 4*l**3 + 10645*l**2. Give f(7).
24
Let g(c) = -c + 2. Suppose 3*z - 5*z - 2 = 4*d, -2*d = -4*z - 34. Let v be (-1)/(-3)*(-10 - z). Let r be (v - -4)*(1 + 0). Calculate g(r).
-1
Let q(t) = 6*t**2 + 6 - t + 0*t + 5*t**3 + 17*t. Let u(a) = -6*a**3 - 6*a**2 - 18*a - 8. Let o(s) = -5*q(s) - 4*u(s). What is o(-4)?
2
Let a(z) = 3*z**2 + z - 1. Suppose 1189 = -21*o - 323. Suppose 213 = -3*y + 5*f, -71 = y + 6*f - f. Let p = y - o. What is a(p)?
3
Let d(q) be the third derivative of -q**6/120 + q**5/12 + 5*q**4/24 + 4*q**3/3 - 5*q**2. Let r = 7451 + -7445. Calculate d(r).
2
Suppose 2*j = 6*j - 16. Suppose 4*x - j*f - 8 = 0, 2*x - 35 = -2*x - 5*f. Suppose -k = x*k. Let c(d) = d + 5. What is c(k)?
5
Let p(k) = 50*k - 194. Let b(v) = -24*v + 83. Let z(r) = -13*b(r) - 6*p(r). Calculate z(-11).
-47
Let s(b) be the first derivative of 7*b**2 - 86*b - 655. Calculate s(6).
-2
Let l be ((5*2)/(555/(-222)))/(-2). Let v(a) be the second derivative of -15*a - 1/20*a**5 + 5/6*a**4 + l*a**2 + 0*a**3 + 0. What is v(10)?
4
Suppose 5578 = 43*c - 10504. Let r(j) = 748 - 375 - c - 2*j - 6*j**3. Let y(h) = h. Let f be y(-1). Calculate r(f).
7
Let h(q) = q**2 + q - 29. Let b = 1694 + -1694. Determine h(b).
-29
Let r(j) = -j - 3. Let y be ((-16)/(-10))/(36/(-10) - -4). Suppose -3*n = -y*m - 8, 3*n = -m + 2*n + 5. Suppose -m - 1 = -s, s = -4*o + 2. What is r(o)?
-3
Let q = 13 + -12. Let n(w) = 6 - 10*w**2 - 13*w + 2 - q + 14*w**2 - 2*w**2. What is n(5)?
-8
Let p(h) = 8 - 4 - 1792304*h**3 + 1792311*h**3. Determine p(-2).
-52
Let i(t) = t**2 - 2*t + 2. Let a be ((-14)/4 - 1)*4536/(-28). Let q be a/36 + -8 - 1/4. Suppose -18*c = -14*c - q. What is i(c)?
5
Let n(y) = y**2 - y - 3. Let b(x) = -101*x - 200. Let m be b(-2). Let r(j) = -1 - 2 + j + 5. Let o be r(m). Determine n(o).
9
Let l(h) = -2*h**2 - 86*h - 68. Let g be l(-41). Suppose 5*a = g - 86. Let m(t) = 65*t + 25. Let k(d) = 8*d + 3. Let j(y) = 25*k(y) - 3*m(y). Calculate j(a).
10
Let t be 7 - ((-18)/27)/((-18)/(-81)). Let h(q) = q**2 - 11*q - 4 + 3 - 3. Determine h(t).
-14
Let v be 42105/84 + 2*(-2)/16. Let l = v + -508. Let d(f) = 3*f**2 + 23*f + 10. What is d(l)?
-4
Let t be (-589 - 14)*(2 - 3). Let q(a) = -604*a + 2*a**2 + t*a - 13 + 14. Give q(2).
7
Let z(k) = 3*k + 3. Let d be z(-5). Let l(f) = -3*f**2 + 21*f**2 + 0*f + 8*f - 11*f**2 - 6*f**2 - 5. What is l(d)?
43
Let a(b) = -5*b - 49. Let y be a(-11). Suppose -7*m - y*m + 4*m = 0. Let j(i) = -20*i + 10 + 22*i + m. Calculate j(-8).
-6
Let r(d) = 3*d + 31*d**2 - 44*d**3 + 16*d**3 + 18*d**3 + 11*d**3 + 28 - 34*d. Calculate r(-32).
-4
Let v(q) be the second derivative of 5*q**4/12 + 5*q**3/2 + 9*q**2/2 + 154*q. Let y(n) = -n**2 - n - 2. Let d(l) = -v(l) - 6*y(l). What is d(9)?
3
Let p(c) = c**3 + 5*c**2 - 7*c + 2. Let o be (0 + (-292)/(-8))*-2. Let b = -89 - o. Let x(r) = r + 10. Let y be x(b). What is p(y)?
8
Suppose -4*v - y + 3*y = -72, -3*v - 3*y + 36 = 0. Suppose v = 9*u - u. Let z(t) = -7*t - 1751*t**2 + 0 - 5 + 1750*t**u. Determine z(-7).
-5
Suppose -3*o + 4 + 2 = 0. Suppose v + 2 = 3*g - v, 2*g + o*v = 8. Let n be (g - 30)*2/(-8). Let u(j) = j - 2. Calculate u(n).
5
Suppose 240 = 14*r + 150 - 218. Let w